-- phpMyAdmin SQL Dump
-- version 4.8.3
-- https://www.phpmyadmin.net/
--
-- Host: 127.0.0.1
-- Generation Time: May 17, 2019 at 06:24 PM
-- Server version: 10.1.36-MariaDB
-- PHP Version: 7.2.10

SET SQL_MODE = "NO_AUTO_VALUE_ON_ZERO";
SET AUTOCOMMIT = 0;
START TRANSACTION;
SET time_zone = "+00:00";


/*!40101 SET @OLD_CHARACTER_SET_CLIENT=@@CHARACTER_SET_CLIENT */;
/*!40101 SET @OLD_CHARACTER_SET_RESULTS=@@CHARACTER_SET_RESULTS */;
/*!40101 SET @OLD_COLLATION_CONNECTION=@@COLLATION_CONNECTION */;
/*!40101 SET NAMES utf8mb4 */;

--
-- Database: `gronthonir`
--

-- --------------------------------------------------------

--
-- Table structure for table `articles`
--

CREATE TABLE `articles` (
  `id` int(100) NOT NULL,
  `article_id` varchar(100) NOT NULL,
  `article_name` varchar(100) NOT NULL,
  `author_id` varchar(100) NOT NULL,
  `catagory_id` int(100) NOT NULL,
  `published_date` varchar(100) NOT NULL,
  `description` varchar(10000) NOT NULL,
  `article` varchar(10000) NOT NULL,
  `tags` varchar(100) DEFAULT NULL,
  `created_at` timestamp NOT NULL DEFAULT CURRENT_TIMESTAMP ON UPDATE CURRENT_TIMESTAMP,
  `updated_at` timestamp NOT NULL DEFAULT '0000-00-00 00:00:00'
) ENGINE=InnoDB DEFAULT CHARSET=utf8;

--
-- Dumping data for table `articles`
--

INSERT INTO `articles` (`id`, `article_id`, `article_name`, `author_id`, `catagory_id`, `published_date`, `description`, `article`, `tags`, `created_at`, `updated_at`) VALUES
(2, 'কোরান_2', 'কোরান', '4', 3, '8/5/19', 'বাংলা ভাষা একটি ইন্দো-আর্য ভাষা, যা দক্ষিণ এশিয়ার বাঙালি জাতির প্রধান কথ্য ও লেখ্য ভাষা। মাতৃভাষীর সংখ্যায় বাংলা ইন্দো-আর্য ভাষা পরিবারের দ্বিতীয়, ইন্দো-ইউরোপীয় ভাষা পরিবারের চতুর্থ ও বিশ্বের ষষ্ঠ বৃহত্তম ভাষা।', 'বাংলা ভাষা একটি ইন্দো-আর্য ভাষা, যা দক্ষিণ এশিয়ার বাঙালি জাতির প্রধান কথ্য ও লেখ্য ভাষা। মাতৃভাষীর সংখ্যায় বাংলা ইন্দো-আর্য ভাষা পরিবারের দ্বিতীয়, ইন্দো-ইউরোপীয় ভাষা পরিবারের চতুর্থ ও বিশ্বের ষষ্ঠ বৃহত্তম ভাষা। বাংলা ভাষা একটি ইন্দো-আর্য ভাষা, যা দক্ষিণ এশিয়ার বাঙালি জাতির প্রধান কথ্য ও লেখ্য ভাষা। মাতৃভাষীর সংখ্যায় বাংলা ইন্দো-আর্য ভাষা পরিবারের দ্বিতীয়, ইন্দো-ইউরোপীয় ভাষা পরিবারের চতুর্থ ও বিশ্বের ষষ্ঠ বৃহত্তম ভাষা। বাংলা ভাষা একটি ইন্দো-আর্য ভাষা, যা দক্ষিণ এশিয়ার বাঙালি জাতির প্রধান কথ্য ও লেখ্য ভাষা। মাতৃভাষীর সংখ্যায় বাংলা ইন্দো-আর্য ভাষা পরিবারের দ্বিতীয়, ইন্দো-ইউরোপীয় ভাষা পরিবারের চতুর্থ ও বিশ্বের ষষ্ঠ বৃহত্তম ভাষা। বাংলা ভাষা একটি ইন্দো-আর্য ভাষা, যা দক্ষিণ এশিয়ার বাঙালি জাতির প্রধান কথ্য ও লেখ্য ভাষা। মাতৃভাষীর সংখ্যায় বাংলা ইন্দো-আর্য ভাষা পরিবারের দ্বিতীয়, ইন্দো-ইউরোপীয় ভাষা পরিবারের চতুর্থ ও বিশ্বের ষষ্ঠ বৃহত্তম ভাষা। বাংলা ভাষা একটি ইন্দো-আর্য ভাষা, যা দক্ষিণ এশিয়ার বাঙালি জাতির প্রধান কথ্য ও লেখ্য ভাষা। মাতৃভাষীর সংখ্যায় বাংলা ইন্দো-আর্য ভাষা পরিবারের দ্বিতীয়, ইন্দো-ইউরোপীয় ভাষা পরিবারের চতুর্থ ও বিশ্বের ষষ্ঠ বৃহত্তম ভাষা। বাংলা ভাষা একটি ইন্দো-আর্য ভাষা, যা দক্ষিণ এশিয়ার বাঙালি জাতির প্রধান কথ্য ও লেখ্য ভাষা। মাতৃভাষীর সংখ্যায় বাংলা ইন্দো-আর্য ভাষা পরিবারের দ্বিতীয়, ইন্দো-ইউরোপীয় ভাষা পরিবারের চতুর্থ ও বিশ্বের ষষ্ঠ বৃহত্তম ভাষা। বাংলা ভাষা একটি ইন্দো-আর্য ভাষা, যা দক্ষিণ এশিয়ার বাঙালি জাতির প্রধান কথ্য ও লেখ্য ভাষা। মাতৃভাষীর সংখ্যায় বাংলা ইন্দো-আর্য ভাষা পরিবারের দ্বিতীয়, ইন্দো-ইউরোপীয় ভাষা পরিবারের চতুর্থ ও বিশ্বের ষষ্ঠ বৃহত্তম ভাষা। বাংলা ভাষা একটি ইন্দো-আর্য ভাষা, যা দক্ষিণ এশিয়ার বাঙালি জাতির প্রধান কথ্য ও লেখ্য ভাষা। মাতৃভাষীর সংখ্যায় বাংলা ইন্দো-আর্য ভাষা পরিবারের দ্বিতীয়, ইন্দো-ইউরোপীয় ভাষা পরিবারের চতুর্থ ও বিশ্বের ষষ্ঠ বৃহত্তম ভাষা। বাংলা ভাষা একটি ইন্দো-আর্য ভাষা, যা দক্ষিণ এশিয়ার বাঙালি জাতির প্রধান কথ্য ও লেখ্য ভাষা। মাতৃভাষীর সংখ্যায় বাংলা ইন্দো-আর্য ভাষা পরিবারের দ্বিতীয়, ইন্দো-ইউরোপীয় ভাষা পরিবারের চতুর্থ ও বিশ্বের ষষ্ঠ বৃহত্তম ভাষা। বাংলা ভাষা একটি ইন্দো-আর্য ভাষা, যা দক্ষিণ এশিয়ার বাঙালি জাতির প্রধান কথ্য ও লেখ্য ভাষা। মাতৃভাষীর সংখ্যায় বাংলা ইন্দো-আর্য ভাষা পরিবারের দ্বিতীয়, ইন্দো-ইউরোপীয় ভাষা পরিবারের চতুর্থ ও বিশ্বের ষষ্ঠ বৃহত্তম ভাষা। বাংলা ভাষা একটি ইন্দো-আর্য ভাষা, যা দক্ষিণ এশিয়ার বাঙালি জাতির প্রধান কথ্য ও লেখ্য ভাষা। মাতৃভাষীর সংখ্যায় বাংলা ইন্দো-আর্য ভাষা পরিবারের দ্বিতীয়, ইন্দো-ইউরোপীয় ভাষা পরিবারের চতুর্থ ও বিশ্বের ষষ্ঠ বৃহত্তম ভাষা। বাংলা ভাষা একটি ইন্দো-আর্য ভাষা, যা দক্ষিণ এশিয়ার বাঙালি জাতির প্রধান কথ্য ও লেখ্য ভাষা। মাতৃভাষীর সংখ্যায় বাংলা ইন্দো-আর্য ভাষা পরিবারের দ্বিতীয়, ইন্দো-ইউরোপীয় ভাষা পরিবারের চতুর্থ ও বিশ্বের ষষ্ঠ বৃহত্তম ভাষা। বাংলা ভাষা একটি ইন্দো-আর্য ভাষা, যা দক্ষিণ এশিয়ার বাঙালি জাতির প্রধান কথ্য ও লেখ্য ভাষা। মাতৃভাষীর সংখ্যায় বাংলা ইন্দো-আর্য ভাষা পরিবারের দ্বিতীয়, ইন্দো-ইউরোপীয় ভাষা পরিবারের চতুর্থ ও বিশ্বের ষষ্ঠ বৃহত্তম ভাষা। বাংলা ভাষা একটি ইন্দো-আর্য ভাষা, যা দক্ষিণ এশিয়ার বাঙালি জাতির প্রধান কথ্য ও লেখ্য ভাষা। মাতৃভাষীর সংখ্যায় বাংলা ইন্দো-আর্য ভাষা পরিবারের দ্বিতীয়, ইন্দো-ইউরোপীয় ভাষা পরিবারের চতুর্থ ও বিশ্বের ষষ্ঠ বৃহত্তম ভাষা। বাংলা ভাষা একটি ইন্দো-আর্য ভাষা, যা দক্ষিণ এশিয়ার বাঙালি জাতির প্রধান কথ্য ও লেখ্য ভাষা। মাতৃভাষীর সংখ্যায় বাংলা ইন্দো-আর্য ভাষা পরিবারের দ্বিতীয়, ইন্দো-ইউরোপীয় ভাষা পরিবারের চতুর্থ ও বিশ্বের ষষ্ঠ বৃহত্তম ভাষা। বাংলা ভাষা একটি ইন্দো-আর্য ভাষা, যা দক্ষিণ এশিয়ার বাঙালি জাতির প্রধান কথ্য ও লেখ্য ভাষা। মাতৃভাষীর সংখ্যায় বাংলা ইন্দো-আর্য ভাষা পরিবারের দ্বিতীয়, ইন্দো-ইউরোপীয় ভাষা পরিবারের চতুর্থ ও বিশ্বের ষষ্ঠ বৃহত্তম ভাষা। বাংলা ভাষা একটি ইন্দো-আর্য ভাষা, যা দক্ষিণ এশিয়ার বাঙালি জাতির প্রধান কথ্য ও লেখ্য ভাষা। মাতৃভাষীর সংখ্যায় বাংলা ইন্দো-আর্য ভাষা পরিবারের দ্বিতীয়, ইন্দো-ইউরোপীয় ভাষা পরিবারের চতুর্থ ও বিশ্বের ষষ্ঠ বৃহত্তম ভাষা। vবাংলা ভাষা একটি ইন্দো-আর্য ভাষা, যা দক্ষিণ এশিয়ার বাঙালি জাতির প্রধান কথ্য ও লেখ্য ভাষা। মাতৃভাষীর সংখ্যায় বাংলা ইন্দো-আর্য ভাষা পরিবারের দ্বিতীয়, ইন্দো-ইউরোপীয় ভাষা পরিবারের চতুর্থ ও বিশ্বের ষষ্ঠ বৃহত্তম ভাষা। বাংলা ভাষা একটি ইন্দো-আর্য ভাষা, যা দক্ষিণ এশিয়ার বাঙালি জাতির প্রধান কথ্য ও লেখ্য ভাষা। মাতৃভাষীর সংখ্যায় বাংলা ইন্দো-আর্য ভাষা পরিবারের দ্বিতীয়, ইন্দো-ইউরোপীয় ভাষা পরিবারের চতুর্থ ও বিশ্বের ষষ্ঠ বৃহত্তম ভাষা।', ',2,3', '2019-05-13 05:31:44', '2019-05-09 04:43:16'),
(3, 'হাদিস_3', 'হাদিস', '5', 3, '7/5/19', 'ইন্দো-ইউরোপীয় ভাষা পরিবারের চতুর্থ ও বিশ্বের ষষ্ঠ বৃহত্তম ভাষা। বাংলা ভাষা একটি ইন্দো-আর্য ভাষা, যা দক্ষিণ এশিয়ার বাঙালি জাতির প্রধান কথ্য ও লেখ্য ভাষা। মাতৃভাষীর সংখ্যায় বাংলা ইন্দো-আর্য ভাষা পরিবারের দ্বিতীয়', 'মাতৃভাষীর সংখ্যায় বাংলা ইন্দো-আর্য ভাষা পরিবারের দ্বিতীয়, ইন্দো-ইউরোপীয় ভাষা পরিবারের চতুর্থ ও বিশ্বের ষষ্ঠ বৃহত্তম ভাষা। বাংলা ভাষা একটি ইন্দো-আর্য ভাষা, যা দক্ষিণ এশিয়ার বাঙালি জাতির প্রধান কথ্য ও লেখ্য ভাষা। মাতৃভাষীর সংখ্যায় বাংলা ইন্দো-আর্য ভাষা পরিবারের দ্বিতীয়, ইন্দো-ইউরোপীয় ভাষা পরিবারের চতুর্থ ও বিশ্বের ষষ্ঠ বৃহত্তম ভাষা। বাংলা ভাষা একটি ইন্দো-আর্য ভাষা, যা দক্ষিণ এশিয়ার বাঙালি জাতির প্রধান কথ্য ও লেখ্য ভাষা। মাতৃভাষীর সংখ্যায় বাংলা ইন্দো-আর্য ভাষা পরিবারের দ্বিতীয়, ইন্দো-ইউরোপীয় ভাষা পরিবারের চতুর্থ ও বিশ্বের ষষ্ঠ বৃহত্তম ভাষা। বাংলা ভাষা একটি ইন্দো-আর্য ভাষা, যা দক্ষিণ এশিয়ার বাঙালি জাতির প্রধান কথ্য ও লেখ্য ভাষা। মাতৃভাষীর সংখ্যায় বাংলা ইন্দো-আর্য ভাষা পরিবারের দ্বিতীয়, ইন্দো-ইউরোপীয় ভাষা পরিবারের চতুর্থ ও বিশ্বের ষষ্ঠ বৃহত্তম ভাষা। বাংলা ভাষা একটি ইন্দো-আর্য ভাষা, যা দক্ষিণ এশিয়ার বাঙালি জাতির প্রধান কথ্য ও লেখ্য ভাষা। মাতৃভাষীর সংখ্যায় বাংলা ইন্দো-আর্য ভাষা পরিবারের দ্বিতীয়, ইন্দো-ইউরোপীয় ভাষা পরিবারের চতুর্থ ও বিশ্বের ষষ্ঠ বৃহত্তম ভাষা। বাংলা ভাষা একটি ইন্দো-আর্য ভাষা, যা দক্ষিণ এশিয়ার বাঙালি জাতির প্রধান কথ্য ও লেখ্য ভাষা। মাতৃভাষীর সংখ্যায় বাংলা ইন্দো-আর্য ভাষা পরিবারের দ্বিতীয়, ইন্দো-ইউরোপীয় ভাষা পরিবারের চতুর্থ ও বিশ্বের ষষ্ঠ বৃহত্তম ভাষা। বাংলা ভাষা একটি ইন্দো-আর্য ভাষা, যা দক্ষিণ এশিয়ার বাঙালি জাতির প্রধান কথ্য ও লেখ্য ভাষা। মাতৃভাষীর সংখ্যায় বাংলা ইন্দো-আর্য ভাষা পরিবারের দ্বিতীয়, ইন্দো-ইউরোপীয় ভাষা পরিবারের চতুর্থ ও বিশ্বের ষষ্ঠ বৃহত্তম ভাষা। বাংলা ভাষা একটি ইন্দো-আর্য ভাষা, যা দক্ষিণ এশিয়ার বাঙালি জাতির প্রধান কথ্য ও লেখ্য ভাষা। মাতৃভাষীর সংখ্যায় বাংলা ইন্দো-আর্য ভাষা পরিবারের দ্বিতীয়, ইন্দো-ইউরোপীয় ভাষা পরিবারের চতুর্থ ও বিশ্বের ষষ্ঠ বৃহত্তম ভাষা। vবাংলা ভাষা একটি ইন্দো-আর্য ভাষা, যা দক্ষিণ এশিয়ার বাঙালি জাতির প্রধান কথ্য ও লেখ্য ভাষা। মাতৃভাষীর সংখ্যায় বাংলা ইন্দো-আর্য ভাষা পরিবারের দ্বিতীয়, ইন্দো-ইউরোপীয় ভাষা পরিবারের চতুর্থ ও বিশ্বের ষষ্ঠ বৃহত্তম ভাষা। বাংলা ভাষা একটি ইন্দো-আর্য ভাষা, যা দক্ষিণ এশিয়ার বাঙালি জাতির প্রধান কথ্য ও লেখ্য ভাষা। মাতৃভাষীর সংখ্যায় বাংলা ইন্দো-আর্য ভাষা পরিবারের দ্বিতীয়, ইন্দো-ইউরোপীয় ভাষা পরিবারের চতুর্থ ও বিশ্বের ষষ্ঠ বৃহত্তম ভাষা।', ',2,4', '2019-05-13 05:31:48', '2019-05-09 04:44:48'),
(4, 'আকায়েদ_4', 'আকায়েদ', '4', 4, '12/6/19', 'বাংলা ভাষা একটি ইন্দো-আর্য ভাষা, যা দক্ষিণ এশিয়ার বাঙালি জাতির প্রধান কথ্য ও লেখ্য ভাষা। মাতৃভাষীর সংখ্যায় বাংলা ইন্দো-আর্য ভাষা পরিবারের দ্বিতীয়, ইন্দো-ইউরোপীয় ভাষা পরিবারের চতুর্থ ও বিশ্বের ষষ্ঠ বৃহত্তম ভাষা।', 'বাংলা ভাষা একটি ইন্দো-আর্য ভাষা, যা দক্ষিণ এশিয়ার বাঙালি জাতির প্রধান কথ্য ও লেখ্য ভাষা। মাতৃভাষীর সংখ্যায় বাংলা ইন্দো-আর্য ভাষা পরিবারের দ্বিতীয়, ইন্দো-ইউরোপীয় ভাষা পরিবারের চতুর্থ ও বিশ্বের ষষ্ঠ বৃহত্তম ভাষা। বাংলা ভাষা একটি ইন্দো-আর্য ভাষা, যা দক্ষিণ এশিয়ার বাঙালি জাতির প্রধান কথ্য ও লেখ্য ভাষা। মাতৃভাষীর সংখ্যায় বাংলা ইন্দো-আর্য ভাষা পরিবারের দ্বিতীয়, ইন্দো-ইউরোপীয় ভাষা পরিবারের চতুর্থ ও বিশ্বের ষষ্ঠ বৃহত্তম ভাষা। বাংলা ভাষা একটি ইন্দো-আর্য ভাষা, যা দক্ষিণ এশিয়ার বাঙালি জাতির প্রধান কথ্য ও লেখ্য ভাষা। মাতৃভাষীর সংখ্যায় বাংলা ইন্দো-আর্য ভাষা পরিবারের দ্বিতীয়, ইন্দো-ইউরোপীয় ভাষা পরিবারের চতুর্থ ও বিশ্বের ষষ্ঠ বৃহত্তম ভাষা। বাংলা ভাষা একটি ইন্দো-আর্য ভাষা, যা দক্ষিণ এশিয়ার বাঙালি জাতির প্রধান কথ্য ও লেখ্য ভাষা। মাতৃভাষীর সংখ্যায় বাংলা ইন্দো-আর্য ভাষা পরিবারের দ্বিতীয়, ইন্দো-ইউরোপীয় ভাষা পরিবারের চতুর্থ ও বিশ্বের ষষ্ঠ বৃহত্তম ভাষা। বাংলা ভাষা একটি ইন্দো-আর্য ভাষা, যা দক্ষিণ এশিয়ার বাঙালি জাতির প্রধান কথ্য ও লেখ্য ভাষা। মাতৃভাষীর সংখ্যায় বাংলা ইন্দো-আর্য ভাষা পরিবারের দ্বিতীয়, ইন্দো-ইউরোপীয় ভাষা পরিবারের চতুর্থ ও বিশ্বের ষষ্ঠ বৃহত্তম ভাষা। বাংলা ভাষা একটি ইন্দো-আর্য ভাষা, যা দক্ষিণ এশিয়ার বাঙালি জাতির প্রধান কথ্য ও লেখ্য ভাষা। মাতৃভাষীর সংখ্যায় বাংলা ইন্দো-আর্য ভাষা পরিবারের দ্বিতীয়, ইন্দো-ইউরোপীয় ভাষা পরিবারের চতুর্থ ও বিশ্বের ষষ্ঠ বৃহত্তম ভাষা। বাংলা ভাষা একটি ইন্দো-আর্য ভাষা, যা দক্ষিণ এশিয়ার বাঙালি জাতির প্রধান কথ্য ও লেখ্য ভাষা। মাতৃভাষীর সংখ্যায় বাংলা ইন্দো-আর্য ভাষা পরিবারের দ্বিতীয়, ইন্দো-ইউরোপীয় ভাষা পরিবারের চতুর্থ ও বিশ্বের ষষ্ঠ বৃহত্তম ভাষা। বাংলা ভাষা একটি ইন্দো-আর্য ভাষা, যা দক্ষিণ এশিয়ার বাঙালি জাতির প্রধান কথ্য ও লেখ্য ভাষা। মাতৃভাষীর সংখ্যায় বাংলা ইন্দো-আর্য ভাষা পরিবারের দ্বিতীয়, ইন্দো-ইউরোপীয় ভাষা পরিবারের চতুর্থ ও বিশ্বের ষষ্ঠ বৃহত্তম ভাষা। বাংলা ভাষা একটি ইন্দো-আর্য ভাষা, যা দক্ষিণ এশিয়ার বাঙালি জাতির প্রধান কথ্য ও লেখ্য ভাষা। মাতৃভাষীর সংখ্যায় বাংলা ইন্দো-আর্য ভাষা পরিবারের দ্বিতীয়, ইন্দো-ইউরোপীয় ভাষা পরিবারের চতুর্থ ও বিশ্বের ষষ্ঠ বৃহত্তম ভাষা। বাংলা ভাষা একটি ইন্দো-আর্য ভাষা, যা দক্ষিণ এশিয়ার বাঙালি জাতির প্রধান কথ্য ও লেখ্য ভাষা। মাতৃভাষীর সংখ্যায় বাংলা ইন্দো-আর্য ভাষা পরিবারের দ্বিতীয়, ইন্দো-ইউরোপীয় ভাষা পরিবারের চতুর্থ ও বিশ্বের ষষ্ঠ বৃহত্তম ভাষা। বাংলা ভাষা একটি ইন্দো-আর্য ভাষা, যা দক্ষিণ এশিয়ার বাঙালি জাতির প্রধান কথ্য ও লেখ্য ভাষা। মাতৃভাষীর সংখ্যায় বাংলা ইন্দো-আর্য ভাষা পরিবারের দ্বিতীয়, ইন্দো-ইউরোপীয় ভাষা পরিবারের চতুর্থ ও বিশ্বের ষষ্ঠ বৃহত্তম ভাষা। বাংলা ভাষা একটি ইন্দো-আর্য ভাষা, যা দক্ষিণ এশিয়ার বাঙালি জাতির প্রধান কথ্য ও লেখ্য ভাষা। মাতৃভাষীর সংখ্যায় বাংলা ইন্দো-আর্য ভাষা পরিবারের দ্বিতীয়, ইন্দো-ইউরোপীয় ভাষা পরিবারের চতুর্থ ও বিশ্বের ষষ্ঠ বৃহত্তম ভাষা। বাংলা ভাষা একটি ইন্দো-আর্য ভাষা, যা দক্ষিণ এশিয়ার বাঙালি জাতির প্রধান কথ্য ও লেখ্য ভাষা। মাতৃভাষীর সংখ্যায় বাংলা ইন্দো-আর্য ভাষা পরিবারের দ্বিতীয়, ইন্দো-ইউরোপীয় ভাষা পরিবারের চতুর্থ ও বিশ্বের ষষ্ঠ বৃহত্তম ভাষা। বাংলা ভাষা একটি ইন্দো-আর্য ভাষা, যা দক্ষিণ এশিয়ার বাঙালি জাতির প্রধান কথ্য ও লেখ্য ভাষা। মাতৃভাষীর সংখ্যায় বাংলা ইন্দো-আর্য ভাষা পরিবারের দ্বিতীয়, ইন্দো-ইউরোপীয় ভাষা পরিবারের চতুর্থ ও বিশ্বের ষষ্ঠ বৃহত্তম ভাষা। বাংলা ভাষা একটি ইন্দো-আর্য ভাষা, যা দক্ষিণ এশিয়ার বাঙালি জাতির প্রধান কথ্য ও', ',5', '2019-05-13 05:31:51', '2019-05-09 05:12:45'),
(5, 'ফিকাহ_5', 'ফিকাহ', '5', 6, '7/5/19', 'বাংলা ভাষা একটি ইন্দো-আর্য ভাষা, যা দক্ষিণ এশিয়ার বাঙালি জাতির প্রধান কথ্য ও লেখ্য ভাষা। মাতৃভাষীর সংখ্যায় বাংলা ইন্দো-আর্য ভাষা পরিবারের দ্বিতীয়, ইন্দো-ইউরোপীয় ভাষা পরিবারের চতুর্থ ও বিশ্বের ষষ্ঠ বৃহত্তম ভাষা।', 'রোপীয় ভাষা পরিবারের চতুর্থ ও বিশ্বের ষষ্ঠ বৃহত্তম ভাষা। বাংলা ভাষা একটি ইন্দো-আর্য ভাষা, যা দক্ষিণ এশিয়ার বাঙালি জাতির প্রধান কথ্য ও লেখ্য ভাষা। মাতৃভাষীর সংখ্যায় বাংলা ইন্দো-আর্য ভাষা পরিবারের দ্বিতীয়, ইন্দো-ইউরোপীয় ভাষা পরিবারের চতুর্থ ও বিশ্বের ষষ্ঠ বৃহত্তম ভাষা। বাংলা ভাষা একটি ইন্দো-আর্য ভাষা, যা দক্ষিণ এশিয়ার বাঙালি জাতির প্রধান কথ্য ও লেখ্য ভাষা। মাতৃভাষীর সংখ্যায় বাংলা ইন্দো-আর্য ভাষা পরিবারের দ্বিতীয়, ইন্দো-ইউরোপীয় ভাষা পরিবারের চতুর্থ ও বিশ্বের ষষ্ঠ বৃহত্তম ভাষা। বাংলা ভাষা একটি ইন্দো-আর্য ভাষা, যা দক্ষিণ এশিয়ার বাঙালি জাতির প্রধান কথ্য ও লেখ্য ভাষা। মাতৃভাষীর সংখ্যায় বাংলা ইন্দো-আর্য ভাষা পরিবারের দ্বিতীয়, ইন্দো-ইউরোপীয় ভাষা পরিবারের চতুর্থ ও বিশ্বের ষষ্ঠ বৃহত্তম ভাষা। বাংলা ভাষা একটি ইন্দো-আর্য ভাষা, যা দক্ষিণ এশিয়ার বাঙালি জাতির প্রধান কথ্য ও লেখ্য ভাষা। মাতৃভাষীর সংখ্যায় বাংলা ইন্দো-আর্য ভাষা পরিবারের দ্বিতীয়, ইন্দো-ইউরোপীয় ভাষা পরিবারের চতুর্থ ও বিশ্বের ষষ্ঠ বৃহত্তম ভাষা। বাংলা ভাষা একটি ইন্দো-আর্য ভাষা, যা দক্ষিণ এশিয়ার বাঙালি জাতির প্রধান কথ্য ও লেখ্য ভাষা। মাতৃভাষীর সংখ্যায় বাংলা ইন্দো-আর্য ভাষা পরিবারের দ্বিতীয়, ইন্দো-ইউরোপীয় ভাষা পরিবারের চতুর্থ ও বিশ্বের ষষ্ঠ বৃহত্তম ভাষা। বাংলা ভাষা একটি ইন্দো-আর্য ভাষা, যা দক্ষিণ এশিয়ার বাঙালি জাতির প্রধান কথ্য ও লেখ্য ভাষা। মাতৃভাষীর সংখ্যায় বাংলা ইন্দো-আর্য ভাষা পরিবারের দ্বিতীয়, ইন্দো-ইউরোপীয় ভাষা পরিবারের চতুর্থ ও বিশ্বের ষষ্ঠ বৃহত্তম ভাষা। বাংলা ভাষা একটি ইন্দো-আর্য ভাষা, যা দক্ষিণ এশিয়ার বাঙালি জাতির প্রধান কথ্য ও লেখ্য ভাষা। মাতৃভাষীর সংখ্যায় বাংলা ইন্দো-আর্য ভাষা পরিবারের দ্বিতীয়, ইন্দো-ইউরোপীয় ভাষা পরিবারের চতুর্থ ও বিশ্বের ষষ্ঠ বৃহত্তম ভাষা। বাংলা ভাষা একটি ইন্দো-আর্য ভাষা, যা দক্ষিণ এশিয়ার বাঙালি জাতির প্রধান কথ্য ও লেখ্য ভাষা। মাতৃভাষীর সংখ্যায় বাংলা ইন্দো-আর্য ভাষা পরিবারের দ্বিতীয়, ইন্দো-ইউরোপীয় ভাষা পরিবারের চতুর্থ ও বিশ্বের ষষ্ঠ বৃহত্তম ভাষা। বাংলা ভাষা একটি ইন্দো-আর্য ভাষা, যা দক্ষিণ এশিয়ার বাঙালি জাতির প্রধান কথ্য ও লেখ্য ভাষা। মাতৃভাষীর সংখ্যায় বাংলা ইন্দো-আর্য ভাষা পরিবারের দ্বিতীয়, ইন্দো-ইউরোপীয় ভাষা পরিবারের চতুর্থ ও বিশ্বের ষষ্ঠ বৃহত্তম ভাষা। বাংলা ভাষা একটি ইন্দো-আর্য ভাষা, যা দক্ষিণ এশিয়ার বাঙালি জাতির প্রধান কথ্য ও লেখ্য ভাষা। মাতৃভাষীর সংখ্যায় বাংলা ইন্দো-আর্য ভাষা পরিবারের দ্বিতীয়, ইন্দো-ইউরোপীয় ভাষা পরিবারের চতুর্থ ও বিশ্বের ষষ্ঠ বৃহত্তম ভাষা। বাংলা ভাষা একটি ইন্দো-আর্য ভাষা, যা দক্ষিণ এশিয়ার বাঙালি জাতির প্রধান কথ্য ও লেখ্য ভাষা। মাতৃভাষীর সংখ্যায় বাংলা ইন্দো-আর্য ভাষা পরিবারের দ্বিতীয়, ইন্দো-ইউরোপীয় ভাষা পরিবারের চতুর্থ ও বিশ্বের ষষ্ঠ বৃহত্তম ভাষা। বাংলা ভাষা একটি ইন্দো-আর্য ভাষা, যা দক্ষিণ এশিয়ার বাঙালি জাতির প্রধান কথ্য ও লেখ্য ভাষা। মাতৃভাষীর সংখ্যায় বাংলা ইন্দো-আর্য ভাষা পরিবারের দ্বিতীয়, ইন্দো-ইউরোপীয় ভাষা পরিবারের চতুর্থ ও বিশ্বের ষষ্ঠ বৃহত্তম ভাষা। বাংলা ভাষা একটি ইন্দো-আর্য ভাষা, যা দক্ষিণ এশিয়ার বাঙালি জাতির প্রধান কথ্য ও লেখ্য ভাষা। মাতৃভাষীর সংখ্যায় বাংলা ইন্দো-আর্য ভাষা পরিবারের দ্বিতীয়, ইন্দো-ইউরোপীয় ভাষা পরিবারের চতুর্থ ও বিশ্বের ষষ্ঠ বৃহত্তম ভাষা। বাংলা ভাষা একটি ইন্দো-আর্য ভাষা, যা দক্ষিণ এশিয়ার বাঙালি জাতির প্রধান কথ্য ও লেখ্য ভাষা। মাতৃভাষীর সংখ্যায় বাংলা ইন্দো-আর্য ভাষা পরিবারের দ্বিতীয়, ইন্দো-ইউরোপীয় ভাষা পরিবারের চতুর্থ ও বিশ্বের ষষ্ঠ বৃহত্তম ভাষা। বাংলা ভাষা একটি ইন্দো-আর্য ভাষা, যা দক্ষিণ এশিয়ার বাঙালি জাতির প্রধান কথ্য ও লেখ্য ভাষা। মাতৃভাষীর সংখ্যায় বাংলা ইন্দো-আর্য ভাষা পরিবারের দ্বিতীয়, ইন্দো-ইউরোপীয় ভাষা পরিবারের চতুর্থ ও বিশ্বের ষষ্ঠ বৃহত্তম ভাষা। বাংলা ভাষা একটি ইন্দো-আর্য ভাষা, যা দক্ষিণ এশিয়ার বাঙালি জাতির প্রধান কথ্য ও লেখ্য ভাষা। মাতৃভাষীর সংখ্যায় বাংলা ইন্দো-আর্য ভাষা পরিবারের দ্বিতীয়, ইন্দো-ইউরোপীয় ভাষা পরিবারের চতুর্থ ও বিশ্বের ষষ্ঠ বৃহত্তম ভাষা। vবাংলা ভাষা একটি ইন্দো-আর্য ভাষা, যা দক্ষিণ এশিয়ার বাঙালি জাতির প্রধান কথ্য ও লেখ্য ভাষা। মাতৃভাষীর সংখ্যায় বাংলা ইন্দো-আর্য ভাষা পরিবারের দ্বিতীয়, ইন্দো-ইউরোপীয় ভাষা পরিবারের চতুর্থ ও বিশ্বের ষষ্ঠ বৃহত্তম ভাষা। বাংলা ভাষা একটি ইন্দো-আর্য ভাষা, যা দক্ষিণ এশিয়ার বাঙালি', ',4', '2019-05-13 05:31:57', '2019-05-09 05:13:36'),
(6, 'ইতিহাস_6', 'ইতিহাস', '3', 4, '1/5/19', 'বাংলা ভাষা একটি ইন্দো-আর্য ভাষা, যা দক্ষিণ এশিয়ার বাঙালি জাতির প্রধান কথ্য ও লেখ্য ভাষা। মাতৃভাষীর সংখ্যায় বাংলা ইন্দো-আর্য ভাষা পরিবারের দ্বিতীয়, ইন্দো-ইউরোপীয় ভাষা পরিবারের চতুর্থ ও বিশ্বের ষষ্ঠ বৃহত্তম ভাষা।', 'বাংলা ভাষা একটি ইন্দো-আর্য ভাষা, যা দক্ষিণ এশিয়ার বাঙালি জাতির প্রধান কথ্য ও লেখ্য ভাষা। মাতৃভাষীর সংখ্যায় বাংলা ইন্দো-আর্য ভাষা পরিবারের দ্বিতীয়, ইন্দো-ইউরোপীয় ভাষা পরিবারের চতুর্থ ও বিশ্বের ষষ্ঠ বৃহত্তম ভাষা। বাংলা ভাষা একটি ইন্দো-আর্য ভাষা, যা দক্ষিণ এশিয়ার বাঙালি জাতির প্রধান কথ্য ও লেখ্য ভাষা। মাতৃভাষীর সংখ্যায় বাংলা ইন্দো-আর্য ভাষা পরিবারের দ্বিতীয়, ইন্দো-ইউরোপীয় ভাষা পরিবারের চতুর্থ ও বিশ্বের ষষ্ঠ বৃহত্তম ভাষা। বাংলা ভাষা একটি ইন্দো-আর্য ভাষা, যা দক্ষিণ এশিয়ার বাঙালি জাতির প্রধান কথ্য ও লেখ্য ভাষা। মাতৃভাষীর সংখ্যায় বাংলা ইন্দো-আর্য ভাষা পরিবারের দ্বিতীয়, ইন্দো-ইউরোপীয় ভাষা পরিবারের চতুর্থ ও বিশ্বের ষষ্ঠ বৃহত্তম ভাষা। বাংলা ভাষা একটি ইন্দো-আর্য ভাষা, যা দক্ষিণ এশিয়ার বাঙালি জাতির প্রধান কথ্য ও লেখ্য ভাষা। মাতৃভাষীর সংখ্যায় বাংলা ইন্দো-আর্য ভাষা পরিবারের দ্বিতীয়, ইন্দো-ইউরোপীয় ভাষা পরিবারের চতুর্থ ও বিশ্বের ষষ্ঠ বৃহত্তম ভাষা। বাংলা ভাষা একটি ইন্দো-আর্য ভাষা, যা দক্ষিণ এশিয়ার বাঙালি জাতির প্রধান কথ্য ও লেখ্য ভাষা। মাতৃভাষীর সংখ্যায় বাংলা ইন্দো-আর্য ভাষা পরিবারের দ্বিতীয়, ইন্দো-ইউরোপীয় ভাষা পরিবারের চতুর্থ ও বিশ্বের ষষ্ঠ বৃহত্তম ভাষা। বাংলা ভাষা একটি ইন্দো-আর্য ভাষা, যা দক্ষিণ এশিয়ার বাঙালি জাতির প্রধান কথ্য ও লেখ্য ভাষা। মাতৃভাষীর সংখ্যায় বাংলা ইন্দো-আর্য ভাষা পরিবারের দ্বিতীয়, ইন্দো-ইউরোপীয় ভাষা পরিবারের চতুর্থ ও বিশ্বের ষষ্ঠ বৃহত্তম ভাষা। বাংলা ভাষা একটি ইন্দো-আর্য ভাষা, যা দক্ষিণ এশিয়ার বাঙালি জাতির প্রধান কথ্য ও লেখ্য ভাষা। মাতৃভাষীর সংখ্যায় বাংলা ইন্দো-আর্য ভাষা পরিবারের দ্বিতীয়, ইন্দো-ইউরোপীয় ভাষা পরিবারের চতুর্থ ও বিশ্বের ষষ্ঠ বৃহত্তম ভাষা। বাংলা ভাষা একটি ইন্দো-আর্য ভাষা, যা দক্ষিণ এশিয়ার বাঙালি জাতির প্রধান কথ্য ও লেখ্য ভাষা। মাতৃভাষীর সংখ্যায় বাংলা ইন্দো-আর্য ভাষা পরিবারের দ্বিতীয়, ইন্দো-ইউরোপীয় ভাষা পরিবারের চতুর্থ ও বিশ্বের ষষ্ঠ বৃহত্তম ভাষা। বাংলা ভাষা একটি ইন্দো-আর্য ভাষা, যা দক্ষিণ এশিয়ার বাঙালি জাতির প্রধান কথ্য ও লেখ্য ভাষা। মাতৃভাষীর সংখ্যায় বাংলা ইন্দো-আর্য ভাষা পরিবারের দ্বিতীয়, ইন্দো-ইউরোপীয় ভাষা পরিবারের চতুর্থ ও বিশ্বের ষষ্ঠ বৃহত্তম ভাষা। বাংলা ভাষা একটি ইন্দো-আর্য ভাষা, যা দক্ষিণ এশিয়ার বাঙালি জাতির প্রধান কথ্য ও লেখ্য ভাষা। মাতৃভাষীর সংখ্যায় বাংলা ইন্দো-আর্য ভাষা পরিবারের দ্বিতীয়, ইন্দো-ইউরোপীয় ভাষা পরিবারের চতুর্থ ও বিশ্বের ষষ্ঠ বৃহত্তম ভাষা। বাংলা ভাষা একটি ইন্দো-আর্য ভাষা, যা দক্ষিণ এশিয়ার বাঙালি জাতির প্রধান কথ্য ও লেখ্য ভাষা। মাতৃভাষীর সংখ্যায় বাংলা ইন্দো-আর্য ভাষা পরিবারের দ্বিতীয়, ইন্দো-ইউরোপীয় ভাষা পরিবারের চতুর্থ ও বিশ্বের ষষ্ঠ বৃহত্তম ভাষা। বাংলা ভাষা একটি ইন্দো-আর্য ভাষা, যা দক্ষিণ এশিয়ার বাঙালি জাতির প্রধান কথ্য ও লেখ্য ভাষা। মাতৃভাষীর সংখ্যায় বাংলা ইন্দো-আর্য ভাষা পরিবারের দ্বিতীয়, ইন্দো-ইউরোপীয় ভাষা পরিবারের চতুর্থ ও বিশ্বের ষষ্ঠ বৃহত্তম ভাষা। বাংলা ভাষা একটি ইন্দো-আর্য ভাষা, যা দক্ষিণ এশিয়ার বাঙালি জাতির প্রধান কথ্য ও লেখ্য ভাষা। মাতৃভাষীর সংখ্যায় বাংলা ইন্দো-আর্য ভাষা পরিবারের দ্বিতীয়, ইন্দো-ইউরোপীয় ভাষা পরিবারের চতুর্থ ও বিশ্বের ষষ্ঠ বৃহত্তম ভাষা। বাংলা ভাষা একটি ইন্দো-আর্য ভাষা, যা দক্ষিণ এশিয়ার বাঙালি জাতির প্রধান কথ্য ও লেখ্য ভাষা। মাতৃভাষীর সংখ্যায় বাংলা ইন্দো-আর্য ভাষা পরিবারের দ্বিতীয়, ইন্দো-ইউরোপীয় ভাষা পরিবারের চতুর্থ ও বিশ্বের ষষ্ঠ বৃহত্তম ভাষা। বাংলা ভাষা একটি ইন্দো-আর্য ভাষা, যা দক্ষিণ এশিয়ার বাঙালি জাতির প্রধান কথ্য ও লেখ্য ভাষা। মাতৃভাষীর সংখ্যায় বাংলা ইন্দো-আর্য ভাষা পরিবারের দ্বিতীয়, ইন্দো-ইউরোপীয় ভাষা পরিবারের চতুর্থ ও বিশ্বের ষষ্ঠ বৃহত্তম ভাষা। বাংলা ভাষা একটি ইন্দো-আর্য ভাষা, যা দক্ষিণ এশিয়ার বাঙালি জাতির প্রধান কথ্য ও লেখ্য ভাষা। মাতৃভাষীর সংখ্যায় বাংলা ইন্দো-আর্য ভাষা পরিবারের দ্বিতীয়, ইন্দো-ইউরোপীয় ভাষা পরিবারের চতুর্থ ও বিশ্বের ষষ্ঠ বৃহত্তম ভাষা। বাংলা ভাষা একটি ইন্দো-আর্য ভাষা, যা দক্ষিণ এশিয়ার বাঙালি জাতির প্রধান কথ্য ও লেখ্য ভাষা। মাতৃভাষীর সংখ্যায় বাংলা ইন্দো-আর্য ভাষা পরিবারের দ্বিতীয়, ইন্দো-ইউরোপীয় ভাষা পরিবারের চতুর্থ ও বিশ্বের ষষ্ঠ বৃহত্তম ভাষা। vবাংলা ভাষা একটি ইন্দো-আর্য ভাষা, যা দক্ষিণ এশিয়ার বাঙালি জাতির প্রধান কথ্য ও লেখ্য ভাষা। মাতৃভাষীর সংখ্যায় বাংলা ইন্দো-আর্য ভাষা পরিবারের দ্বিতীয়, ইন্দো-ইউরোপীয় ভাষা পরিবারের চতুর্থ ও বিশ্বের ষষ্ঠ বৃহত্তম ভাষা। বাংলা ভাষা একটি ইন্দো-আর্য ভাষা, যা দক্ষিণ এশিয়ার বাঙালি জাতির প্রধান কথ্য ও লেখ্য ভাষা। মাতৃভাষীর সংখ্যায় বাংলা ইন্দো-আর্য ভাষা পরিবারের দ্বিতীয়, ইন্দো-ইউরোপীয় ভাষা পরিবারের চতুর্থ ও বিশ্বের ষষ্ঠ বৃহত্তম ভাষা।', ',3', '2019-05-13 05:32:03', '2019-05-09 05:14:33'),
(7, 'জীবনাচার_7', 'জীবনাচার', '3', 7, '8/5/19', 'বাংলা ভাষা একটি ইন্দো-আর্য ভাষা, যা দক্ষিণ এশিয়ার বাঙালি জাতির প্রধান কথ্য ও লেখ্য ভাষা। মাতৃভাষীর সংখ্যায় বাংলা ইন্দো-আর্য ভাষা পরিবারের দ্বিতীয়, ইন্দো-ইউরোপীয় ভাষা পরিবারের চতুর্থ ও বিশ্বের ষষ্ঠ বৃহত্তম ভাষা।', 'বাংলা ভাষা একটি ইন্দো-আর্য ভাষা, যা দক্ষিণ এশিয়ার বাঙালি জাতির প্রধান কথ্য ও লেখ্য ভাষা। মাতৃভাষীর সংখ্যায় বাংলা ইন্দো-আর্য ভাষা পরিবারের দ্বিতীয়, ইন্দো-ইউরোপীয় ভাষা পরিবারের চতুর্থ ও বিশ্বের ষষ্ঠ বৃহত্তম ভাষা। বাংলা ভাষা একটি ইন্দো-আর্য ভাষা, যা দক্ষিণ এশিয়ার বাঙালি জাতির প্রধান কথ্য ও লেখ্য ভাষা। মাতৃভাষীর সংখ্যায় বাংলা ইন্দো-আর্য ভাষা পরিবারের দ্বিতীয়, ইন্দো-ইউরোপীয় ভাষা পরিবারের চতুর্থ ও বিশ্বের ষষ্ঠ বৃহত্তম ভাষা। বাংলা ভাষা একটি ইন্দো-আর্য ভাষা, যা দক্ষিণ এশিয়ার বাঙালি জাতির প্রধান কথ্য ও লেখ্য ভাষা। মাতৃভাষীর সংখ্যায় বাংলা ইন্দো-আর্য ভাষা পরিবারের দ্বিতীয়, ইন্দো-ইউরোপীয় ভাষা পরিবারের চতুর্থ ও বিশ্বের ষষ্ঠ বৃহত্তম ভাষা। বাংলা ভাষা একটি ইন্দো-আর্য ভাষা, যা দক্ষিণ এশিয়ার বাঙালি জাতির প্রধান কথ্য ও লেখ্য ভাষা। মাতৃভাষীর সংখ্যায় বাংলা ইন্দো-আর্য ভাষা পরিবারের দ্বিতীয়, ইন্দো-ইউরোপীয় ভাষা পরিবারের চতুর্থ ও বিশ্বের ষষ্ঠ বৃহত্তম ভাষা। বাংলা ভাষা একটি ইন্দো-আর্য ভাষা, যা দক্ষিণ এশিয়ার বাঙালি জাতির প্রধান কথ্য ও লেখ্য ভাষা। মাতৃভাষীর সংখ্যায় বাংলা ইন্দো-আর্য ভাষা পরিবারের দ্বিতীয়, ইন্দো-ইউরোপীয় ভাষা পরিবারের চতুর্থ ও বিশ্বের ষষ্ঠ বৃহত্তম ভাষা। বাংলা ভাষা একটি ইন্দো-আর্য ভাষা, যা দক্ষিণ এশিয়ার বাঙালি জাতির প্রধান কথ্য ও লেখ্য ভাষা। মাতৃভাষীর সংখ্যায় বাংলা ইন্দো-আর্য ভাষা পরিবারের দ্বিতীয়, ইন্দো-ইউরোপীয় ভাষা পরিবারের চতুর্থ ও বিশ্বের ষষ্ঠ বৃহত্তম ভাষা। বাংলা ভাষা একটি ইন্দো-আর্য ভাষা, যা দক্ষিণ এশিয়ার বাঙালি জাতির প্রধান কথ্য ও লেখ্য ভাষা। মাতৃভাষীর সংখ্যায় বাংলা ইন্দো-আর্য ভাষা পরিবারের দ্বিতীয়, ইন্দো-ইউরোপীয় ভাষা পরিবারের চতুর্থ ও বিশ্বের ষষ্ঠ বৃহত্তম ভাষা। বাংলা ভাষা একটি ইন্দো-আর্য ভাষা, যা দক্ষিণ এশিয়ার বাঙালি জাতির প্রধান কথ্য ও লেখ্য ভাষা। মাতৃভাষীর সংখ্যায় বাংলা ইন্দো-আর্য ভাষা পরিবারের দ্বিতীয়, ইন্দো-ইউরোপীয় ভাষা পরিবারের চতুর্থ ও বিশ্বের ষষ্ঠ বৃহত্তম ভাষা। বাংলা ভাষা একটি ইন্দো-আর্য ভাষা, যা দক্ষিণ এশিয়ার বাঙালি জাতির প্রধান কথ্য ও লেখ্য ভাষা। মাতৃভাষীর সংখ্যায় বাংলা ইন্দো-আর্য ভাষা পরিবারের দ্বিতীয়, ইন্দো-ইউরোপীয় ভাষা পরিবারের চতুর্থ ও বিশ্বের ষষ্ঠ বৃহত্তম ভাষা। বাংলা ভাষা একটি ইন্দো-আর্য ভাষা, যা দক্ষিণ এশিয়ার বাঙালি জাতির প্রধান কথ্য ও লেখ্য ভাষা। মাতৃভাষীর সংখ্যায় বাংলা ইন্দো-আর্য ভাষা পরিবারের দ্বিতীয়, ইন্দো-ইউরোপীয় ভাষা পরিবারের চতুর্থ ও বিশ্বের ষষ্ঠ বৃহত্তম ভাষা। বাংলা ভাষা একটি ইন্দো-আর্য ভাষা, যা দক্ষিণ এশিয়ার বাঙালি জাতির প্রধান কথ্য ও লেখ্য ভাষা। মাতৃভাষীর সংখ্যায় বাংলা ইন্দো-আর্য ভাষা পরিবারের দ্বিতীয়, ইন্দো-ইউরোপীয় ভাষা পরিবারের চতুর্থ ও বিশ্বের ষষ্ঠ বৃহত্তম ভাষা। বাংলা ভাষা একটি ইন্দো-আর্য ভাষা, যা দক্ষিণ এশিয়ার বাঙালি জাতির প্রধান কথ্য ও লেখ্য ভাষা। মাতৃভাষীর সংখ্যায় বাংলা ইন্দো-আর্য ভাষা পরিবারের দ্বিতীয়, ইন্দো-ইউরোপীয় ভাষা পরিবারের চতুর্থ ও বিশ্বের ষষ্ঠ বৃহত্তম ভাষা। বাংলা ভাষা একটি ইন্দো-আর্য ভাষা, যা দক্ষিণ এশিয়ার বাঙালি জাতির প্রধান কথ্য ও লেখ্য ভাষা। মাতৃভাষীর সংখ্যায় বাংলা ইন্দো-আর্য ভাষা পরিবারের দ্বিতীয়, ইন্দো-ইউরোপীয় ভাষা পরিবারের চতুর্থ ও বিশ্বের ষষ্ঠ বৃহত্তম ভাষা। বাংলা ভাষা একটি ইন্দো-আর্য ভাষা, যা দক্ষিণ এশিয়ার বাঙালি জাতির প্রধান কথ্য ও লেখ্য ভাষা। মাতৃভাষীর সংখ্যায় বাংলা ইন্দো-আর্য ভাষা পরিবারের দ্বিতীয়, ইন্দো-ইউরোপীয় ভাষা পরিবারের চতুর্থ ও বিশ্বের ষষ্ঠ বৃহত্তম ভাষা। বাংলা ভাষা একটি ইন্দো-আর্য ভাষা, যা দক্ষিণ এশিয়ার বাঙালি জাতির প্রধান কথ্য ও লেখ্য ভাষা। মাতৃভাষীর সংখ্যায় বাংলা ইন্দো-আর্য ভাষা পরিবারের দ্বিতীয়, ইন্দো-ইউরোপীয় ভাষা পরিবারের চতুর্থ ও বিশ্বের ষষ্ঠ বৃহত্তম ভাষা। vবাংলা ভাষা একটি ইন্দো-আর্য ভাষা, যা দক্ষিণ এশিয়ার বাঙালি জাতির প্রধান কথ্য ও লেখ্য ভাষা। মাতৃভাষীর সংখ্যায় বাংলা ইন্দো-আর্য ভাষা পরিবারের দ্বিতীয়, ইন্দো-ইউরোপীয় ভাষা পরিবারের চতুর্থ ও বিশ্বের ষষ্ঠ বৃহত্তম ভাষা। বাংলা ভাষা একটি ইন্দো-আর্য ভাষা, যা দক্ষিণ এশিয়ার বাঙালি জাতির প্রধান কথ্য ও লেখ্য ভাষা। মাতৃভাষীর সংখ্যায় বাংলা ইন্দো-আর্য ভাষা পরিবারের দ্বিতীয়, ইন্দো-ইউরোপীয় ভাষা পরিবারের চতুর্থ ও বিশ্বের ষষ্ঠ বৃহত্তম ভাষা।', ',5', '2019-05-13 05:32:08', '2019-05-09 05:15:22');

-- --------------------------------------------------------

--
-- Table structure for table `author`
--

CREATE TABLE `author` (
  `id` int(100) NOT NULL,
  `author_name` varchar(100) NOT NULL,
  `author_bio` varchar(1000) DEFAULT NULL,
  `author_books` varchar(500) DEFAULT NULL,
  `created_at` timestamp NOT NULL DEFAULT CURRENT_TIMESTAMP ON UPDATE CURRENT_TIMESTAMP,
  `updated_at` timestamp NOT NULL DEFAULT '0000-00-00 00:00:00'
) ENGINE=InnoDB DEFAULT CHARSET=utf8;

--
-- Dumping data for table `author`
--

INSERT INTO `author` (`id`, `author_name`, `author_bio`, `author_books`, `created_at`, `updated_at`) VALUES
(3, 'দূর্জয় বড়ুয়া', 'The purpose of lorem ipsum is to create a natural looking block of text (sentence, paragraph, page, etc.) that doesn\'t distract from the layout. A practice not without controversy, laying out pages with meaningless filler text can be very useful when the focus is meant to be on design, not content.', 'বাংলা ভাষা, অঝুঁকি নিয়ে উড়োজাহাজ ওঠানামা', '2019-05-11 09:56:08', '2019-05-09 02:15:11'),
(4, 'অখ', 'Lorem ipsum, or lipsum as it is sometimes known, is dummy text used in laying out print, graphic or web designs. The passage is attributed to an unknown typesetter in the 15th century who is thought to have scrambled parts of Cicero\'s De Finibus Bonorum et Malorum for use', 'দক্ষিণ এশিয়ার বাঙালি, জাতির প্রধান কথ্য', '2019-05-11 07:56:01', '2019-05-09 04:43:16'),
(5, 'অজগর', 'The passage experienced a surge in popularity during the 1960s when Letraset used it on their dry-transfer sheets, and again during the 90s as desktop publishers bundled the text with their software. Today it\'s seen all around the web; on templates, ', 'বাংলা ইন্দো-আর্য ভাষা, পরিবারের দ্বিতীয়', '2019-05-11 07:56:16', '2019-05-09 04:44:48');

-- --------------------------------------------------------

--
-- Table structure for table `books`
--

CREATE TABLE `books` (
  `id` int(100) NOT NULL,
  `book_id` varchar(100) NOT NULL,
  `book_name` varchar(200) NOT NULL,
  `author_id` int(100) NOT NULL,
  `publication_id` int(100) NOT NULL,
  `translater` varchar(100) DEFAULT NULL,
  `edition` varchar(100) DEFAULT NULL,
  `published_date` varchar(100) DEFAULT NULL,
  `total_parts` varchar(100) DEFAULT NULL,
  `catagory_id` int(100) NOT NULL,
  `price` varchar(100) NOT NULL,
  `description` varchar(1000) NOT NULL,
  `image_folder` varchar(100) NOT NULL,
  `image_name` varchar(500) NOT NULL,
  `pdf_folder` varchar(100) NOT NULL,
  `pdf_name` varchar(500) NOT NULL,
  `tags` varchar(1000) NOT NULL,
  `created_at` timestamp NOT NULL DEFAULT CURRENT_TIMESTAMP ON UPDATE CURRENT_TIMESTAMP,
  `updated_at` timestamp NOT NULL DEFAULT '0000-00-00 00:00:00'
) ENGINE=InnoDB DEFAULT CHARSET=utf8;

--
-- Dumping data for table `books`
--

INSERT INTO `books` (`id`, `book_id`, `book_name`, `author_id`, `publication_id`, `translater`, `edition`, `published_date`, `total_parts`, `catagory_id`, `price`, `description`, `image_folder`, `image_name`, `pdf_folder`, `pdf_name`, `tags`, `created_at`, `updated_at`) VALUES
(1, 'জন_দা_ডন_1', 'অঝুঁকি নিয়ে উড়োজাহাজ ওঠানামা', 3, 1, 'বিজন', '১ম', '১০/৫/২০১৯', '৯', 7, '৫০০', 'এ চিত্র প্রায় ৭৩ বছর বয়সী কক্সবাজার আন্তর্জাতিক বিমানবন্দরের। সীমানাপ্রাচীর না থাকায় এ বিমানবন্দর কার্যত অরক্ষিত রয়ে গেছে। আলোক ব্যবস্থার ঘাটতির কারণে এখানে বন্ধ আছে রাতে উড়োজাহাজ ওঠানামা।\r\nরানওয়ে অতিক্রম করে আসা স্থানীয় শ্রমিক আবদুল আমিন (৪৫) প্রথম আলোকে বলেন, মাছ আনতে তিনি ফিশারিঘাটে যাচ্ছিলেন। ফিশারিঘাটের সামনে বাঁকখালী নদীতে থাকা একটি ট্রলারের শ্রমিক তিনি।', 'book_images/', 'জন_দা_ডন_1.png', 'pdfs/', 'জন_দা_ডন_1.pdf', ',5,7', '2019-05-11 08:03:15', '2019-05-09 02:15:11'),
(2, 'fyaus_2', 'অঐ দেখা যায়', 4, 1, 'jhbj', '4', '35', '5', 7, '600', 'gvug', 'book_images/', 'fyaus_2.png', 'pdfs/', 'fyaus_2.pdf', ',4,5', '2019-05-14 07:12:03', '2019-05-10 23:24:30'),
(3, 'Bijohn_Roy_3', 'অগ্রু', 3, 2, 'ytfvgh ygasu', '10', '1/2/19', '10', 6, '200', 'guja aghj dasiuyhiud kdja', 'book_images/', 'Bijohn_Roy_3.png', 'pdfs/', 'Bijohn_Roy_3.pdf', ',2,3', '2019-05-14 07:12:09', '2019-05-10 23:25:52');

-- --------------------------------------------------------

--
-- Table structure for table `catagory`
--

CREATE TABLE `catagory` (
  `id` int(100) NOT NULL,
  `catagory_name` varchar(200) DEFAULT NULL,
  `parent_id` int(100) NOT NULL,
  `created_at` timestamp NOT NULL DEFAULT CURRENT_TIMESTAMP ON UPDATE CURRENT_TIMESTAMP,
  `updated_at` timestamp NOT NULL DEFAULT '0000-00-00 00:00:00'
) ENGINE=InnoDB DEFAULT CHARSET=utf8;

--
-- Dumping data for table `catagory`
--

INSERT INTO `catagory` (`id`, `catagory_name`, `parent_id`, `created_at`, `updated_at`) VALUES
(2, 'ধর্ম', 0, '2019-05-09 02:09:52', '2019-05-09 02:09:52'),
(3, 'কোরান', 2, '2019-05-09 02:10:47', '2019-05-09 02:10:47'),
(4, 'হাদিস', 2, '2019-05-09 02:10:59', '2019-05-09 02:10:59'),
(5, 'গল্প', 0, '2019-05-09 02:11:09', '2019-05-09 02:11:09'),
(6, 'কোতুক', 5, '2019-05-09 02:11:26', '2019-05-09 02:11:26'),
(7, 'ট্রেজেডি', 5, '2019-05-09 02:11:44', '2019-05-09 02:11:44');

-- --------------------------------------------------------

--
-- Table structure for table `publication`
--

CREATE TABLE `publication` (
  `id` int(100) NOT NULL,
  `publication_name` varchar(200) DEFAULT NULL,
  `publication_address` varchar(200) DEFAULT NULL,
  `publication_desc` varchar(1000) DEFAULT NULL,
  `created_at` timestamp NOT NULL DEFAULT CURRENT_TIMESTAMP ON UPDATE CURRENT_TIMESTAMP,
  `updated_at` timestamp NOT NULL DEFAULT '0000-00-00 00:00:00'
) ENGINE=InnoDB DEFAULT CHARSET=utf8;

--
-- Dumping data for table `publication`
--

INSERT INTO `publication` (`id`, `publication_name`, `publication_address`, `publication_desc`, `created_at`, `updated_at`) VALUES
(1, 'রয়াল পাবলিকেশন্স', NULL, NULL, '2019-05-09 02:15:11', '2019-05-09 02:15:11'),
(2, 'abc publication', NULL, NULL, '2019-05-10 23:25:52', '2019-05-10 23:25:52');

--
-- Indexes for dumped tables
--

--
-- Indexes for table `articles`
--
ALTER TABLE `articles`
  ADD PRIMARY KEY (`id`);

--
-- Indexes for table `author`
--
ALTER TABLE `author`
  ADD PRIMARY KEY (`id`);

--
-- Indexes for table `books`
--
ALTER TABLE `books`
  ADD PRIMARY KEY (`id`);

--
-- Indexes for table `catagory`
--
ALTER TABLE `catagory`
  ADD PRIMARY KEY (`id`);

--
-- Indexes for table `publication`
--
ALTER TABLE `publication`
  ADD PRIMARY KEY (`id`);

--
-- AUTO_INCREMENT for dumped tables
--

--
-- AUTO_INCREMENT for table `articles`
--
ALTER TABLE `articles`
  MODIFY `id` int(100) NOT NULL AUTO_INCREMENT, AUTO_INCREMENT=8;

--
-- AUTO_INCREMENT for table `author`
--
ALTER TABLE `author`
  MODIFY `id` int(100) NOT NULL AUTO_INCREMENT, AUTO_INCREMENT=6;

--
-- AUTO_INCREMENT for table `books`
--
ALTER TABLE `books`
  MODIFY `id` int(100) NOT NULL AUTO_INCREMENT, AUTO_INCREMENT=4;

--
-- AUTO_INCREMENT for table `catagory`
--
ALTER TABLE `catagory`
  MODIFY `id` int(100) NOT NULL AUTO_INCREMENT, AUTO_INCREMENT=8;

--
-- AUTO_INCREMENT for table `publication`
--
ALTER TABLE `publication`
  MODIFY `id` int(100) NOT NULL AUTO_INCREMENT, AUTO_INCREMENT=3;
COMMIT;

/*!40101 SET CHARACTER_SET_CLIENT=@OLD_CHARACTER_SET_CLIENT */;
/*!40101 SET CHARACTER_SET_RESULTS=@OLD_CHARACTER_SET_RESULTS */;
/*!40101 SET COLLATION_CONNECTION=@OLD_COLLATION_CONNECTION */;
